irst derivative of 7 - 6*f**2 - 1/6*f**3 - 1/20*f**5 - 27*f - 3/4*f**4. Let j(n) be the first derivative of v(n). Calculate j(-9).
-3
Suppose 16*w - 2151 = -2135. Let r(u) = 27*u**2 - u - 1. Determine r(w).
25
Let w(f) = 8 + 2*f**2 - f**2 + 13 - 25*f - 8 + 30. What is w(19)?
-71
Let b(c) = -4*c**2 + 164*c + 1. Let r be b(41). Let v(a) = -7*a**2 - a + 1. Determine v(r).
-7
Let i(r) = -143*r**2 + r - 3. Let t(h) = 191*h**2 - 2*h + 4. Let u(y) = 4*i(y) + 3*t(y). Calculate u(4).
8
Let y(f) = 15*f + 13*f + 23*f**3 - 8 + 9*f**3 + 12*f**2 - 33*f**3. Give y(14).
-8
Suppose 801 = -35*i - 54*i. Let k(g) = 3*g**2 + 13*g + 13. Give k(i).
139
Let n(h) be the first derivative of 2*h**3/3 + 5*h**2/2 - 5*h - 412. Suppose -2*l + 4 + 26 = 0. Suppose 2*y + u + l - 4 = 0, 4*y = -u - 21. What is n(y)?
20
Let x(p) = p**3 - 6*p**2 + 2*p - 9. Let t = -34 - -39. Suppose t*s + 8 = 9*s. Suppose 12 = -4*o + 5*o - 3*r, 2*o - 16 = s*r. What is x(o)?
3
Let a(j) = j + 1. Let t(w) = -7*w - 3. Suppose 0 = 9*b - 7 - 2. Let h(o) = b*t(o) + 6*a(o). What is h(7)?
-4
Suppose 47*z - 11*z - 434 + 110 = 0. Let h(i) = -i**3 + 7*i**2 + 17*i + 12. What is h(z)?
3
Let r(w) be the second derivative of w**4/12 - w**2/2 + 1480*w + 1. Let b = 10 + -1. Let t = b + -8. What is r(t)?
0
Let s(z) = -8*z - 2062288 + 2062288. Give s(8).
-64
Let t(h) = -22. Let n(m) = m - 149. Let q(x) = n(x) - 9*t(x). What is q(-19)?
30
Let p(g) = -206*g + 3109. Let c be p(15). Let t(q) = -q**2 + 14*q + 32. What is t(c)?
-63
Let x(d) be the first derivative of d**4/4 - d**3/3 + d**2/2 - 732. Let g = 3 + -3. What is x(g)?
0
Let g = 45 + -41. Let h(o) = -9 + 2*o + 3*o**2 - g*o**2 - 9*o + 2*o. Give h(-4).
-5
Let l(z) = 44*z - 20. Let u(t) = 111*t - 40. Let g(y) = -5*l(y) + 2*u(y). Determine g(-6).
8
Let f(m) be the third derivative of m**4/3 - 5*m**3/2 - 385*m**2. Determine f(-3).
-39
Let t be ((-6)/7)/(32/392)*124/(-217). Let f(k) = k - 3. Let u(c) be the second derivative of -c**3/6 + 3*c**2/2 - c. Let b(x) = 6*f(x) + 4*u(x). What is b(t)?
6
Suppose -2*b - 3 = 2*a - 19, -4*a + 24 = 2*b. Suppose 4*r = -3*x + x - 30, 0 = -4*x + a*r. Let n(m) = -347 + 3*m**2 + 346 + 4*m - 2*m**2. Calculate n(x).
4
Let u(z) be the second derivative of -z**7/840 + z**6/45 + z**5/30 - z**4/4 - z**3/6 - 10*z**2 - 44*z. Let y(q) be the second derivative of u(q). What is y(8)?
26
Let q(f) = f - 6. Let n = 4143 + -4237. Let w be -2 + (-5)/((-10)/204). Let p = w + n. Determine q(p).
0
Let u(g) be the first derivative of g**4/4 + g**3/3 - 2*g**2 - 1. Let r = 398 + -528. Let z = 127 + r. What is u(z)?
-6
Suppose 752*w - 552 + 1598 = -1962. Suppose 3*a = -0 + 3. Let x(o) = -a + 0*o + 0*o - o**2 - 4*o. What is x(w)?
-1
Let m(q) be the third derivative of q**5/60 + q**4/4 - 4*q**3/3 + 1658*q**2. Give m(-8).
8
Let z = 22 + -17. Let o be 2 + -1 + -2*z/(-10). Let a(q) = 103*q + q**o + 0*q**2 - 2 - 99*q. Give a(-6).
10
Suppose 0 = 931*c - 973*c - 541 + 163. Let y(b) = -b**3 - 6*b**2 + 25*b - 14. Determine y(c).
4
Let j(q) = 2*q**2 + 7*q + 5. Let h be (-9)/6*(380/240 - 14/(-8)). Determine j(h).
20
Let a = 16206 - 16195. Let r(f) = 2*f**2 - 25*f + 8. Calculate r(a).
-25
Let x(t) be the third derivative of -5*t**4/12 + 7*t**3/2 - 439*t**2. Calculate x(3).
-9
Let h(n) = 249*n + 759. Let l be h(-3). Let z(d) = d**3 - 12*d**2 - 2*d + 16. Give z(l).
-8
Let i(a) = -13*a + 22*a + 20 - 2 + 11 - 8*a. What is i(-9)?
20
Let b(h) be the third derivative of -h**5/12 + h**4/24 + 2*h**3/3 - 1601*h**2. Determine b(2).
-14
Let t(m) be the third derivative of m**4/6 - 2*m**3/3 - m**2 - 26. Suppose 0 = 3*l + 12 + 6. Give t(l).
-28
Suppose -8 = -2*k + g, -k + 1 = -3*g - 3. Let y(i) = -3 + 0*i**2 - i**3 - 5*i - 3*i**2 + 2*i**3 + 9. Give y(k).
2
Let u(o) = o - 6. Suppose 0 = 59*b - 64*b + 1500. Let w be ((-4)/(-6))/(10/b). Suppose -w = 3*y - 7*y. What is u(y)?
-1
Let k(v) = v**3 + 13*v**2 + 10*v + 22. Let b = 36072 - 36084. What is k(b)?
46
Let d(i) = 658575 + i**3 + 0*i**3 + 12*i**2 - 658540 - 10*i. Calculate d(-13).
-4
Let n(u) be the first derivative of u**3/3 + 10*u**2 - 26*u + 598. Give n(-21).
-5
Suppose 97*a = 5*a + 828. Let x(k) = k**2 - 8*k - 2. Give x(a).
7
Let v(z) = z. Let w be 1824/(-24) + (1 - 1). Let i = w + 78. Let o(x) = x**3 + x**2 - 2*x - 2. Let m be o(i). Calculate v(m).
6
Let u(a) = -3*a - 16 + 109*a**2 + 31*a - 216*a**2 + 0*a + 105*a**2. What is u(13)?
10
Suppose 4 = 4*o - 4*q, 6*q - 11 = -5*o + 5*q. Let b(w) = -o*w + 3 + 0*w + w + 0*w + 2*w. Give b(-3).
0
Let a(c) = -8*c**2 - c + 41. Let o(v) = -23*v**2 - 3*v + 116. Let p(b) = 17*a(b) - 6*o(b). Let h(s) = s**3 + 8*s**2 - 10*s - 12. Let q be h(-9). What is p(q)?
16
Let z(d) = -2*d**2 + 49*d - 21. Suppose 0 = 3*h + a - 75, -h + 0*a = 3*a - 33. Let k be z(h). Suppose -4*b = 11 - k. Let c(s) = -2*s - 3. What is c(b)?
1
Let y(x) = 4*x**2 - 3*x**2 - 4 + 6 + 4*x + 0. Let f be ((-2)/(-8))/(-4 - (-119)/28). Suppose -g = -f + 7. Calculate y(g).
14
Let b(j) = -j - 7. Let p(i) = 5*i**2 - 17 + 13*i + 339*i**3 + 21*i**2 - 171*i**3 + 17*i**2 - 165*i**3. Let v be p(-14). Give b(v).
-4
Suppose 0*n + 5*z + 726 = 2*n, 0 = 5*n + 5*z - 1745. Let j(d) = 352*d + 37*d**2 - 32*d**2 - n*d. What is j(3)?
42
Let q = -24791 + 24829. Let u(z) = -4*z + 148. Calculate u(q).
-4
Let g(j) = -6*j. Let s(z) = -29*z + 2. Let p(f) = 5*g(f) - s(f). Suppose -15 + 0 = 3*c. Let y(r) = -r**2 - 6*r - 3. Let t be y(c). Determine p(t).
-4
Let z(r) = r**3 - 6*r**2 - 3*r + 26. Let b be (9 + 108/(-15))/((-54)/20 - -3). What is z(b)?
8
Let x(j) be the first derivative of -j**5/40 - j**4/4 - 2*j**3 - 3*j - 59. Let u(y) be the third derivative of x(y). What is u(-7)?
15
Let p be 55/(-330) + (-43)/(-6). Suppose 2*g = 2*x - 26, 5*g + p*x + 53 = 9*x. Let w(s) = s + 5. Determine w(g).
-4
Let l(k) = k + 11. Let t be l(-18). Let i(u) = -10 - 1 + 731*u**2 - 730*u**2 + 5*u + 2. What is i(t)?
5
Let i(o) be the first derivative of -4*o**2 - 30*o - 2525. What is i(-3)?
-6
Let g be 54/15 + (-12)/(-30). Let w(f) be the third derivative of -f**6/120 + f**5/20 - f**4/6 + f**3 + 1798*f**2. What is w(g)?
-26
Let n(d) = 0 - 3*d - 3 + 4*d. Let h be (-9)/12 - 243/(-36). Suppose 6 + h = -4*g. Give n(g).
-6
Let i(h) = -3068 + 761 - h + 764 + 772 + 761. Determine i(-14).
4
Let b(s) be the third derivative of s**5/60 + s**4/24 - 3*s**3 - 2912*s**2. Calculate b(0).
-18
Let s(t) = -58*t + 6. Let o be s(0). Suppose -4*l + 45 + o = -5*w, -3*w - 9 = 0. Let u(y) = -y + 4. Determine u(l).
-5
Let o(n) = -11*n + 2. Let h(t) be the first derivative of -t**4/2 + 4*t**3/3 + t**2 - 3*t + 95. Let z be h(2). Calculate o(z).
-9
Let y(j) = 2 + 3*j**2 - 5 - 196*j**3 + 195*j**3 + 3*j. What is y(4)?
-7
Let c(g) be the first derivative of -g**7/840 + 7*g**6/360 - g**5/10 + g**4/4 + 13*g**3 + g**2 + 39. Let r(x) be the third derivative of c(x). Determine r(5).
-4
Let s be 125/45 + 3 + 4/18. Let u(k) = -k**3 + 24 + 15 - s*k + 18 + 7*k**2 - 53. Let i(r) = r**3 + 4*r**2 - r + 2. Let h be i(-4). Determine u(h).
4
Let t(o) = -8*o + 29. Let q(m) = 3*m - 11. Let n(l) = -14*q(l) - 6*t(l). Give n(4).
4
Let w(r) = r**3 - 11*r**2 + 25*r - 7. Let l = 1489 + -1481. Calculate w(l).
1
Suppose 11*j + j - 1332 = 0. Let u(w) = 209 - w - 103 - j. Let z(t) = t + 2. Let q be z(-5). Calculate u(q).
-2
Let h(g) = -g**3 - 5*g**2 + g + 7. Let s be 4 + ((-12)/24 - 6/4). Suppose -3*u + s*w = 5, 4*u + 4*w + 45 = -w. What is h(u)?
2
Suppose -2*w - o + 0*o - 13 = 0, 8 = -2*w + 4*o. Let u(i) = -2*i + 0*i + 7 + 7 - 15 - 3 - 4. What is u(w)?
4
Suppose -n + 5 - 8 = 0. Let m be ((-5)/2)/(n/42). Suppose -d = 5*j + m, 4*j + 5*d + 19 = 5*j. Let r(i) = i**2 + 6*i + 6. Calculate r(j).
6
Let r(d) = -25*d**2 - 4*d + 1. Let m(t) = 26*t**2 + 5*t - 1. Let y(l) = -5*m(l) - 6*r(l). Suppose 0 = -5*p + 25, -3*a + 4*p = -0*a + 23. Determine y(a).
20
Let f(c) = -c**2 + 7*c - 10. Suppose -2037*p + 18 = -2036*p - 2*t, 3*t = 5*p - 34. Calculate f(p).
0
Let t(p) be the second derivative of 2*p**3 - p**2/2 - 46903*p. Let d be (-1 - 0)/(1/(-3)). Determine t(d).
35
Let a(j) = 3*j**2 + 1 + 3*j - 2 - 4. Suppose 0*k - 2*k + 43 = -62 + 113. Give a(k).
31
Let o = 308 + -303. Suppose h - 13 = -o*l, 0 = -7*l + 12*l - 4*h + 2. Let y(v) = -17*v. Calculate y(l).
-34
Suppose 3*n - 6 = -0. Suppose n*x = -5*p - 82, -3*x - 2*x = 2*p + 205. Let j = -38 - x. Let z(h) =